{"id":1004,"date":"2019-10-10T13:07:49","date_gmt":"2019-10-10T11:07:49","guid":{"rendered":"http:\/\/inscriptionsecoles.forest.brussels\/?page_id=1004"},"modified":"2025-10-09T14:25:44","modified_gmt":"2025-10-09T12:25:44","slug":"concretement","status":"publish","type":"page","link":"https:\/\/inscriptionsecoles.forest.brussels\/?page_id=1004","title":{"rendered":"Dates cl\u00e9"},"content":{"rendered":"\n<h2 class=\"wp-block-heading\"><strong>Calendrier des inscriptions scolaires \u00e0 Forest<\/strong><\/h2>\n\n\n\n<h3 class=\"wp-block-heading\"><strong>Novembre 202<\/strong>5<\/h3>\n\n\n\n<ul class=\"wp-block-list\">\n<li><strong>4 novembre: d\u00e8s 19h :<\/strong> S\u00e9ance d&rsquo;information au BRASS : Venez vous informer sur les modalit\u00e9s d&rsquo;inscription et d\u00e9couvrir les \u00e9coles communales de Forest.<\/li>\n<\/ul>\n\n\n\n<h3 class=\"wp-block-heading\"><strong>Novembre 202<\/strong>5<\/h3>\n\n\n\n<h3 class=\"wp-block-heading\"><strong>Novembre &#8211; D\u00e9cembre 202<\/strong>5<\/h3>\n\n\n\n<ul class=\"wp-block-list\">\n<li><strong>7 octobre au 2 d\u00e9cembre: <\/strong>Inscriptions via formulaire pour les visites d&rsquo;\u00e9cole (<a href=\"https:\/\/forms.office.com\/e\/dGefhLu6Ne\">https:\/\/forms.office.com\/e\/dGefhLu6Ne<\/a>).<\/li>\n\n\n\n<li><strong>19 au 04 d\u00e9cembre:<\/strong> <strong>Visites guid\u00e9es des \u00e9coles:<\/strong> Visiter les \u00e9coles qui vous int\u00e9ressent et rencontrez les \u00e9quipes.<\/li>\n<\/ul>\n\n\n\n<ul class=\"wp-block-list\">\n<li><strong>1 au 30 novembre:<\/strong> <strong>Inscriptions prioritaires pour les fratries:<\/strong> Si vous avez d\u00e9j\u00e0 un enfant inscrit dans une \u00e9cole communale, vous pouvez inscrire vos autres enfants en priorit\u00e9.<\/li>\n<\/ul>\n\n\n\n<h3 class=\"wp-block-heading\"><strong>D\u00e9cembre 202<\/strong>5<\/h3>\n\n\n\n<ul class=\"wp-block-list\">\n<li><strong>1 au 31 d\u00e9cembre:<\/strong> <strong>P\u00e9riode de test:<\/strong> Vous pouvez continuer \u00e0 vous familiariser avec le formulaire d&rsquo;inscription en ligne.<\/li>\n<\/ul>\n\n\n\n<h3 class=\"wp-block-heading\"><strong>Janvier 2025<\/strong><\/h3>\n\n\n\n<ul class=\"wp-block-list\">\n<li><strong>\u00c0 partir du 6 janvier \u00e0 9h00:<\/strong> <strong>Ouverture des inscriptions pour tous les Forestois.<\/strong><\/li>\n\n\n\n<li><strong>\u00c0 partir du 19 janvier:<\/strong> <strong>Ouverture des inscriptions pour le personnel communal.<\/strong><\/li>\n\n\n\n<li><strong>\u00c0 partir du 26 janvier:<\/strong> <strong>Ouverture des inscriptions pour tous les autres profils.<\/strong><\/li>\n<\/ul>\n\n\n\n<h4 class=\"wp-block-heading\"><strong>Important:<\/strong><\/h4>\n\n\n\n<ul class=\"wp-block-list\">\n<li><strong>IRISbox:<\/strong> C&rsquo;est la plateforme en ligne o\u00f9 vous effectuerez toutes vos d\u00e9marches d&rsquo;inscription.<\/li>\n\n\n\n<li><strong>Confirmation:<\/strong> Apr\u00e8s chaque inscription, vous recevrez un email de confirmation avec votre num\u00e9ro d&rsquo;ordre.<\/li>\n<\/ul>\n\n\n\n<h4 class=\"wp-block-heading\"><strong>En r\u00e9sum\u00e9:<\/strong><\/h4>\n\n\n\n<ol class=\"wp-block-list\">\n<li><strong>Informez-vous<\/strong> le 4 novembre au BRASS.<\/li>\n\n\n\n<li><strong>Inscrivez-vous pour les visites d&rsquo;\u00e9cole<\/strong>.<\/li>\n\n\n\n<li><strong>Inscrivez vos fratries<\/strong> en priorit\u00e9 en novembre.<\/li>\n\n\n\n<li><strong>Visitez les \u00e9coles<\/strong> pour faire votre choix.<\/li>\n\n\n\n<li><strong>Effectuez votre demande d&rsquo;inscription<\/strong> \u00e0 partir de janvier, selon votre situation.<\/li>\n<\/ol>\n\n\n\n<p><strong>Ce tableau r\u00e9capitulatif peut \u00e9galement \u00eatre utile :<\/strong><\/p>\n\n\n\n<figure class=\"wp-block-table\"><table class=\"has-fixed-layout\"><tbody><tr><th>P\u00e9riode<\/th><th>Pour qui<\/th><th>Action<\/th><\/tr><tr><td>4 novembre 2025<\/td><td>Tous<\/td><td>S\u00e9ance d&rsquo;info<\/td><\/tr><tr><td>7 octobre &#8211; 2 d\u00e9cembre 2025<\/td><td>Tous<\/td><td>Inscription visites<\/td><\/tr><tr><td>1-30 novembre 2025<\/td><td>Fratries<\/td><td>Inscription prioritaire<\/td><\/tr><tr><td>17 novembre  &#8211; 3 d\u00e9cembre 2025<\/td><td>Tous<\/td><td>Visites guid\u00e9es<\/td><\/tr><tr><td>1-31 d\u00e9cembre 2025<\/td><td>Tous<\/td><td>P\u00e9riode de test<\/td><\/tr><tr><td>\u00c0 partir du 6 janvier 2026<\/td><td>Forestois<\/td><td>Inscription<\/td><\/tr><tr><td>\u00c0 partir du 19 janvier 2026<\/td><td>Personnel communal<\/td><td>Inscription<\/td><\/tr><tr><td>\u00c0 partir du 26 janvier 2026<\/td><td>Tous<\/td><td>Inscription<\/td><\/tr><\/tbody><\/table><\/figure>\n\n\n\n<p><\/p>\n","protected":false},"excerpt":{"rendered":"<p>Calendrier des inscriptions scolaires \u00e0 Forest Novembre 2025 Novembre 2025 Novembre &#8211; D\u00e9cembre 2025 D\u00e9cembre 2025 Janvier 2025 Important: En [&hellip;]<\/p>\n","protected":false},"author":2,"featured_media":0,"parent":36,"menu_order":0,"comment_status":"closed","ping_status":"closed","template":"","meta":{"_uag_custom_page_level_css":"","site-sidebar-layout":"default","site-content-layout":"","ast-site-content-layout":"default","site-content-style":"default","site-sidebar-style":"default","ast-global-header-display":"","ast-banner-title-visibility":"","ast-main-header-display":"","ast-hfb-above-header-display":"","ast-hfb-below-header-display":"","ast-hfb-mobile-header-display":"","site-post-title":"","ast-breadcrumbs-content":"","ast-featured-img":"","footer-sml-layout":"","theme-transparent-header-meta":"","adv-header-id-meta":"","stick-header-meta":"","header-above-stick-meta":"","header-main-stick-meta":"","header-below-stick-meta":"","astra-migrate-meta-layouts":"default","ast-page-background-enabled":"default","ast-page-background-meta":{"desktop":{"background-color":"var(--ast-global-color-5)","background-image":"","background-repeat":"repeat","background-position":"center center","background-size":"auto","background-attachment":"scroll","background-type":"","background-media":"","overlay-type":"","overlay-color":"","overlay-opacity":"","overlay-gradient":""},"tablet":{"background-color":"","background-image":"","background-repeat":"repeat","background-position":"center center","background-size":"auto","background-attachment":"scroll","background-type":"","background-media":"","overlay-type":"","overlay-color":"","overlay-opacity":"","overlay-gradient":""},"mobile":{"background-color":"","background-image":"","background-repeat":"repeat","background-position":"center center","background-size":"auto","background-attachment":"scroll","background-type":"","background-media":"","overlay-type":"","overlay-color":"","overlay-opacity":"","overlay-gradient":""}},"ast-content-background-meta":{"desktop":{"background-color":"var(--ast-global-color-4)","background-image":"","background-repeat":"repeat","background-position":"center center","background-size":"auto","background-attachment":"scroll","background-type":"","background-media":"","overlay-type":"","overlay-color":"","overlay-opacity":"","overlay-gradient":""},"tablet":{"background-color":"var(--ast-global-color-4)","background-image":"","background-repeat":"repeat","background-position":"center center","background-size":"auto","background-attachment":"scroll","background-type":"","background-media":"","overlay-type":"","overlay-color":"","overlay-opacity":"","overlay-gradient":""},"mobile":{"background-color":"var(--ast-global-color-4)","background-image":"","background-repeat":"repeat","background-position":"center center","background-size":"auto","background-attachment":"scroll","background-type":"","background-media":"","overlay-type":"","overlay-color":"","overlay-opacity":"","overlay-gradient":""}},"footnotes":""},"class_list":["post-1004","page","type-page","status-publish","hentry"],"uagb_featured_image_src":{"full":false,"thumbnail":false,"medium":false,"medium_large":false,"large":false,"thumblist":false,"meccarouselthumb":false,"gridsquare":false,"tileview":false,"1536x1536":false,"2048x2048":false},"uagb_author_info":{"display_name":"I P","author_link":"https:\/\/inscriptionsecoles.forest.brussels\/?author=2"},"uagb_comment_info":0,"uagb_excerpt":"Calendrier des inscriptions scolaires \u00e0 Forest Novembre 2025 Novembre 2025 Novembre &#8211; D\u00e9cembre 2025 D\u00e9cembre 2025 Janvier 2025 Important: En [&hellip;]","_links":{"self":[{"href":"https:\/\/inscriptionsecoles.forest.brussels\/index.php?rest_route=\/wp\/v2\/pages\/1004","targetHints":{"allow":["GET"]}}],"collection":[{"href":"https:\/\/inscriptionsecoles.forest.brussels\/index.php?rest_route=\/wp\/v2\/pages"}],"about":[{"href":"https:\/\/inscriptionsecoles.forest.brussels\/index.php?rest_route=\/wp\/v2\/types\/page"}],"author":[{"embeddable":true,"href":"https:\/\/inscriptionsecoles.forest.brussels\/index.php?rest_route=\/wp\/v2\/users\/2"}],"replies":[{"embeddable":true,"href":"https:\/\/inscriptionsecoles.forest.brussels\/index.php?rest_route=%2Fwp%2Fv2%2Fcomments&post=1004"}],"version-history":[{"count":21,"href":"https:\/\/inscriptionsecoles.forest.brussels\/index.php?rest_route=\/wp\/v2\/pages\/1004\/revisions"}],"predecessor-version":[{"id":1619,"href":"https:\/\/inscriptionsecoles.forest.brussels\/index.php?rest_route=\/wp\/v2\/pages\/1004\/revisions\/1619"}],"up":[{"embeddable":true,"href":"https:\/\/inscriptionsecoles.forest.brussels\/index.php?rest_route=\/wp\/v2\/pages\/36"}],"wp:attachment":[{"href":"https:\/\/inscriptionsecoles.forest.brussels\/index.php?rest_route=%2Fwp%2Fv2%2Fmedia&parent=1004"}],"curies":[{"name":"wp","href":"https:\/\/api.w.org\/{rel}","templated":true}]}}